s divided by 6.
1
Calculate the remainder when 348 is divided by 70.
68
What is the remainder when 2748 is divided by 43?
39
What is the remainder when 104 is divided by 29?
17
What is the remainder when 126 is divided by 13?
9
What is the remainder when 10815 is divided by 16?
15
What is the remainder when 1204 is divided by 86?
0
What is the remainder when 1164 is divided by 115?
14
Calculate the remainder when 126 is divided by 39.
9
Calculate the remainder when 1175 is divided by 33.
20
Calculate the remainder when 2544 is divided by 40.
24
Calculate the remainder when 684 is divided by 49.
47
Calculate the remainder when 840 is divided by 37.
26
What is the remainder when 214 is divided by 17?
10
What is the remainder when 2683 is divided by 11?
10
What is the remainder when 4057 is divided by 116?
113
What is the remainder when 136 is divided by 13?
6
What is the remainder when 9 is divided by 3?
0
What is the remainder when 654 is divided by 139?
98
Calculate the remainder when 113 is divided by 57.
56
Calculate the remainder when 187 is divided by 76.
35
What is the remainder when 9429 is divided by 36?
33
Calculate the remainder when 78 is divided by 40.
38
What is the remainder when 2077 is divided by 516?
13
What is the remainder when 325 is divided by 325?
0
What is the remainder when 1189 is divided by 247?
201
What is the remainder when 434 is divided by 150?
134
What is the remainder when 89 is divided by 12?
5
What is the remainder when 129 is divided by 15?
9
Calculate the remainder when 194 is divided by 54.
32
What is the remainder when 82 is divided by 14?
12
Calculate the remainder when 420 is divided by 109.
93
Calculate the remainder when 451 is divided by 96.
67
What is the remainder when 4756 is divided by 69?
64
What is the remainder when 555 is divided by 115?
95
What is the remainder when 557 is divided by 31?
30
Calculate the remainder when 86 is divided by 26.
8
What is the remainder when 2328 is divided by 21?
18
Calculate the remainder when 872 is divided by 31.
4
Calculate the remainder when 1727 is divided by 144.
143
Calculate the remainder when 219 is divided by 45.
39
What is the remainder when 131 is divided by 40?
11
What is the remainder when 160 is divided by 24?
16
Calculate the remainder when 2765 is divided by 37.
27
What is the remainder when 4598 is divided by 46?
44
What is the remainder when 946 is divided by 199?
150
Calculate the remainder when 436 is divided by 40.
36
What is the remainder when 319 is divided by 14?
11
Calculate the remainder when 806 is divided by 117.
104
What is the remainder when 4642 is divided by 18?
16
Calculate the remainder when 370 is divided by 12.
10
Calculate the remainder when 228 is divided by 16.
4
What is the remainder when 2945 is divided by 11?
8
What is the remainder when 479 is divided by 184?
111
Calculate the remainder when 518 is divided by 177.
164
What is the remainder when 3403 is divided by 48?
43
Calculate the remainder when 55 is divided by 18.
1
Calculate the remainder when 5234 is divided by 97.
93
What is the remainder when 195 is divided by 25?
20
What is the remainder when 4659 is divided by 27?
15
What is the remainder when 98 is divided by 29?
11
What is the remainder when 187 is divided by 23?
3
What is the remainder when 23 is divided by 5?
3
Calculate the remainder when 867 is divided by 25.
17
What is the remainder when 65 is divided by 21?
2
What is the remainder when 163 is divided by 42?
37
Calculate the remainder when 424 is divided by 25.
24
What is the remainder when 1561 is divided by 34?
31
Calculate the remainder when 14067 is divided by 15.
12
Calculate the remainder when 2274 is divided by 35.
34
What is the remainder when 416 is divided by 71?
61
What is the remainder when 258 is divided by 53?
46
Calculate the remainder when 1092 is divided by 55.
47
What is the remainder when 9493 is divided by 101?
100
Calculate the remainder when 296 is divided by 27.
26
Calculate the remainder when 461 is divided by 102.
53
What is the remainder when 40 is divided by 5?
0
Calculate the remainder when 80 is divided by 6.
2
Calculate the remainder when 682 is divided by 172.
166
What is the remainder when 129 is divided by 60?
9
Calculate the remainder when 57 is divided by 13.
5
What is the remainder when 87 is divided by 4?
3
What is the remainder when 462 is divided by 39?
33
Calculate the remainder when 2480 is divided by 29.
15
What is the remainder when 257 is divided by 4?
1
Calculate the remainder when 208 is divided by 10.
8
What is the remainder when 142 is divided by 25?
17
What is the remainder when 73 is divided by 26?
21
What is the remainder when 528 is divided by 27?
15
Calculate the remainder when 119 is divided by 3.
2
What is the remainder when 6521 is divided by 3249?
23
Calculate the remainder when 87 is divided by 23.
18
Calculate the remainder when 134 is divided by 28.
22
What is the remainder when 586 is divided by 31?
28
Calculate the remainder when 102 is divided by 35.
32
What is the remainder when 91 is divided by 23?
22
What is the remainder when 398 is divided by 80?
78
Calculate the remainder when 341 is divided by 166.
9
What is the remainder when 776 is divided by 52?
48
Calculate the remainder when 334 is divided by 115.
104
Calculate the remainder when 7423 is divided by 11.
9
What is the remainder when 1963 is divided by 26?
13
Calculate the remainder when 873 is divided by 14.
5
Calculate the remainder when 156 is divided by 22.
2
Calculate the remainder when 237 is divided by 18.
3
What is the remainder when 60 is divided by 3?
0
Calculate the remainder when 750 is divided by 229.
63
Calculate the remainder when 150 is divided by 8.
6
What is the remainder when 1205 is divided by 8?
5
What is the remainder when 250 is divided by 88?
74
Calculate the remainder when 199 is divided by 48.
7
What is the remainder when 34 is divided by 8?
2
Calculate the remainder when 271 is divided by 129.
13
Calculate the remainder when 617 is divided by 48.
41
What is the remainder when 5330 is divided by 46?
40
Calculate the remainder when 280 is divided by 18.
10
Calculate the remainder when 143 is divided by 29.
27
What is the remainder when 745 is divided by 44?
41
Calculate the remainder when 149 is divided by 36.
5
What is the remainder when 17 is divided by 7?
3
What is the remainder when 110 is divided by 14?
12
What is the remainder when 64 is divided by 23?
18
What is the remainder when 11692 is divided by 43?
39
What is the remainder when 442 is divided by 85?
17
What is the remainder when 39 is divided by 33?
6
Calculate the remainder when 11338 is divided by 162.
160
What is the remainder when 834 is divided by 131?
48
Calculate the remainder when 3554 is divided by 16.
2
Calculate the remainder when 21077 is divided by 17.
14
Calculate the remainder when 287 is divided by 36.
35
Calculate the remainder when 475 is divided by 32.
27
What is the remainder when 166 is divided by 68?
30
What is the remainder when 2281 is divided by 1132?
17
What is the remainder when 1378 is divided by 22?
14
Calculate the remainder when 74 is divided by 15.
14
Calculate the remainder when 817 is divided by 41.
38
What is the remainder when 692 is divided by 23?
2
What is the remainder when 892 is divided by 283?
43
What is the remainder when 620 is divided by 78?
74
Calculate the remainder when 307 is divided by 32.
19
Calculate the remainder when 4039 is divided by 94.
91
Calculate the remainder when 414 is divided by 17.
6
Calculate the remainder when 78 is divided by 40.
38
What is the remainder when 105 is divided by 31?
12
What is the remainder when 730 is divided by 102?
16
Calculate the remainder when 1139 is divided by 30.
29
What is the remainder when 4901 is divided by 77?
50
Calculate the remainder when 362 is divided by 75.
62
What is the remainder when 885 is divided by 8?
5
What is the remainder when 176 is divided by 57?
5
Calculate the remainder when 769 is divided by 108.
13
What is the remainder when 3933 is divided by 7?
6
Calculate the remainder when 222 is divided by 33.
24
Calculate the remainder when 116 is divided by 7.
4
Calculate the remainder when 767 is divided by 151.
12
What is the remaind